{"id":1570,"date":"2020-09-07T18:11:44","date_gmt":"2020-09-07T16:11:44","guid":{"rendered":"https:\/\/kulturista.se\/test\/?page_id=1570"},"modified":"2026-08-22T00:24:47","modified_gmt":"2026-08-21T22:24:47","slug":"start-2","status":"publish","type":"page","link":"https:\/\/kulturista.se\/test\/","title":{"rendered":"Start"},"content":{"rendered":"<p>[et_pb_section fb_built=&#8221;1&#8243; admin_label=&#8221;section&#8221; _builder_version=&#8221;4.16&#8243; global_colors_info=&#8221;{}&#8221;][et_pb_row admin_label=&#8221;row&#8221; _builder_version=&#8221;4.16&#8243; background_size=&#8221;initial&#8221; background_position=&#8221;top_left&#8221; background_repeat=&#8221;repeat&#8221; global_colors_info=&#8221;{}&#8221;][et_pb_column type=&#8221;4_4&#8243; _builder_version=&#8221;4.16&#8243; custom_padding=&#8221;|||&#8221; global_colors_info=&#8221;{}&#8221; custom_padding__hover=&#8221;|||&#8221;][\/et_pb_column][\/et_pb_row][\/et_pb_section][et_pb_section fb_built=&#8221;1&#8243; admin_label=&#8221;Sektion Musik blogg 2 post&#8221; _builder_version=&#8221;4.27.5&#8243; background_enable_color=&#8221;off&#8221; background_enable_image=&#8221;off&#8221; parallax=&#8221;on&#8221; parallax_method=&#8221;off&#8221; custom_padding=&#8221;60px||60px||true|false&#8221; locked=&#8221;off&#8221; collapsed=&#8221;off&#8221; global_colors_info=&#8221;{}&#8221;][et_pb_row column_structure=&#8221;1_2,1_2&#8243; use_custom_gutter=&#8221;on&#8221; gutter_width=&#8221;2&#8243; make_equal=&#8221;on&#8221; _builder_version=&#8221;4.27.5&#8243; _module_preset=&#8221;default&#8221; background_color=&#8221;#ffffff&#8221; width=&#8221;70%&#8221; width_tablet=&#8221;70%&#8221; width_phone=&#8221;85%&#8221; width_last_edited=&#8221;on|phone&#8221; custom_margin=&#8221;0px||||false|false&#8221; custom_padding=&#8221;0px||||false|false&#8221; global_colors_info=&#8221;{}&#8221;][et_pb_column type=&#8221;1_2&#8243; _builder_version=&#8221;4.27.5&#8243; _module_preset=&#8221;default&#8221; custom_padding=&#8221;|3vw|3vw||false|false&#8221; border_color_all=&#8221;rgba(51,51,51,0.13)&#8221; border_width_right_tablet=&#8221;0px&#8221; border_width_right_phone=&#8221;&#8221; border_width_right_last_edited=&#8221;on|desktop&#8221; global_colors_info=&#8221;{}&#8221;][et_pb_image src=&#8221;https:\/\/kulturista.se\/test\/wp-content\/uploads\/2026\/01\/anneliomkulturista.jpg&#8221; alt=&#8221;Anneli&#8221; title_text=&#8221;Anneli&#8221; _builder_version=&#8221;4.27.5&#8243; _module_preset=&#8221;default&#8221; global_colors_info=&#8221;{}&#8221;][\/et_pb_image][\/et_pb_column][et_pb_column type=&#8221;1_2&#8243; _builder_version=&#8221;4.27.5&#8243; _module_preset=&#8221;default&#8221; custom_padding=&#8221;|3vw|3vw||false|false&#8221; border_color_all=&#8221;rgba(51,51,51,0.13)&#8221; border_width_right_tablet=&#8221;0px&#8221; border_width_right_phone=&#8221;&#8221; border_width_right_last_edited=&#8221;on|desktop&#8221; global_colors_info=&#8221;{}&#8221;][et_pb_text _builder_version=&#8221;4.27.5&#8243; _module_preset=&#8221;default&#8221; text_font=&#8221;&#8211;et_global_heading_font||||||||&#8221; text_font_size=&#8221;29px&#8221; text_line_height=&#8221;1em&#8221; global_colors_info=&#8221;{}&#8221;]<\/p>\n<p>Om Kulturista<\/p>\n<p>[\/et_pb_text][et_pb_text _builder_version=&#8221;4.27.5&#8243; _module_preset=&#8221;default&#8221; text_text_color=&#8221;#666666&#8243; text_line_height=&#8221;1.3em&#8221; custom_padding=&#8221;20px||||false|false&#8221; global_colors_info=&#8221;{}&#8221;]<\/p>\n<p><strong>Kulturista \u00e4r en livsstilsblogg med kulturen i fokus.<\/strong><br \/>En plats f\u00f6r stadsliv, konst och en nyfiken blick p\u00e5 det som omger oss.<\/p>\n<p>H\u00e4r samlar jag tips p\u00e5 utst\u00e4llningar, museer, platser och kreativa milj\u00f6er i Stockholm \u2013 s\u00e5dant jag sj\u00e4lv uppskattar och vill dela vidare. Jag skriver om konst, kultur, upplevelser och n\u00f6jen, och om sm\u00e5 uppt\u00e4ckter i vardagen.<\/p>\n<p>Jag heter Anneli och arbetar med kulturinneh\u00e5ll och visuellt ber\u00e4ttande, med s\u00e4rskilt fokus p\u00e5 konst, kreativa uttryck och kulturupplevelser.<\/p>\n<p>Tidigare drev jag en av Sveriges tidiga inredningsbloggar och grundade e-handeln Cosas, en av de f\u00f6rsta webbutikerna f\u00f6r konsthantverk och designobjekt. Kulturista \u00e4r i dag min kreativa plattform d\u00e4r kultur och ber\u00e4ttande m\u00f6ts.<\/p>\n<p>Anneli<\/p>\n<p>[\/et_pb_text][\/et_pb_column][\/et_pb_row][\/et_pb_section]<\/p>\n","protected":false},"excerpt":{"rendered":"<p>Om KulturistaKulturista \u00e4r en livsstilsblogg med kulturen i fokus.En plats f\u00f6r stadsliv, konst och en nyfiken blick p\u00e5 det som omger oss. H\u00e4r samlar jag tips p\u00e5 utst\u00e4llningar, museer, platser och kreativa milj\u00f6er i Stockholm \u2013 s\u00e5dant jag sj\u00e4lv uppskattar och vill dela vidare. Jag skriver om konst, kultur, upplevelser och n\u00f6jen, och om sm\u00e5 [&hellip;]<\/p>\n","protected":false},"author":1,"featured_media":0,"parent":0,"menu_order":0,"comment_status":"closed","ping_status":"closed","template":"","meta":{"_acf_changed":false,"_et_pb_use_builder":"on","_et_pb_old_content":"","_et_gb_content_width":"","footnotes":""},"class_list":["post-1570","page","type-page","status-publish","hentry"],"acf":[],"jetpack_sharing_enabled":true,"_links":{"self":[{"href":"https:\/\/kulturista.se\/test\/wp-json\/wp\/v2\/pages\/1570","targetHints":{"allow":["GET"]}}],"collection":[{"href":"https:\/\/kulturista.se\/test\/wp-json\/wp\/v2\/pages"}],"about":[{"href":"https:\/\/kulturista.se\/test\/wp-json\/wp\/v2\/types\/page"}],"author":[{"embeddable":true,"href":"https:\/\/kulturista.se\/test\/wp-json\/wp\/v2\/users\/1"}],"replies":[{"embeddable":true,"href":"https:\/\/kulturista.se\/test\/wp-json\/wp\/v2\/comments?post=1570"}],"version-history":[{"count":4,"href":"https:\/\/kulturista.se\/test\/wp-json\/wp\/v2\/pages\/1570\/revisions"}],"predecessor-version":[{"id":213392,"href":"https:\/\/kulturista.se\/test\/wp-json\/wp\/v2\/pages\/1570\/revisions\/213392"}],"wp:attachment":[{"href":"https:\/\/kulturista.se\/test\/wp-json\/wp\/v2\/media?parent=1570"}],"curies":[{"name":"wp","href":"https:\/\/api.w.org\/{rel}","templated":true}]}}

<p>[et_pb_section fb_built=&#8221;1&#8243; admin_label=&#8221;section&#8221; _builder_version=&#8221;4.16&#8243; global_colors_info=&#8221;{}&#8221;][et_pb_row admin_label=&#8221;row&#8221; _builder_version=&#8221;4.16&#8243; background_size=&#8221;initial&#8221; background_position=&#8221;top_left&#8221; background_repeat=&#8221;repeat&#8221; global_colors_info=&#8221;{}&#8221;][et_pb_column type=&#8221;4_4&#8243; _builder_version=&#8221;4.16&#8243; custom_padding=&#8221;|||&#8221; global_colors_info=&#8221;{}&#8221; custom_padding__hover=&#8221;|||&#8221;][/et_pb_column][/et_pb_row][/et_pb_section][et_pb_section fb_built=&#8221;1&#8243; admin_label=&#8221;Sektion Musik blogg 2 post&#8221; _builder_version=&#8221;4.27.5&#8243; background_enable_color=&#8221;off&#8221; background_enable_image=&#8221;off&#8221; parallax=&#8221;on&#8221; parallax_method=&#8221;off&#8221; custom_padding=&#8221;60px||60px||true|false&#8221; locked=&#8221;off&#8221; collapsed=&#8221;off&#8221; global_colors_info=&#8221;{}&#8221;][et_pb_row column_structure=&#8221;1_2,1_2&#8243; use_custom_gutter=&#8221;on&#8221; gutter_width=&#8221;2&#8243; make_equal=&#8221;on&#8221; _builder_version=&#8221;4.27.5&#8243; _module_preset=&#8221;default&#8221; background_color=&#8221;#ffffff&#8221; width=&#8221;70%&#8221; width_tablet=&#8221;70%&#8221; width_phone=&#8221;85%&#8221; width_last_edited=&#8221;on|phone&#8221; custom_margin=&#8221;0px||||false|false&#8221; custom_padding=&#8221;0px||||false|false&#8221; global_colors_info=&#8221;{}&#8221;][et_pb_column type=&#8221;1_2&#8243; _builder_version=&#8221;4.27.5&#8243; _module_preset=&#8221;default&#8221; custom_padding=&#8221;|3vw|3vw||false|false&#8221; border_color_all=&#8221;rgba(51,51,51,0.13)&#8221; border_width_right_tablet=&#8221;0px&#8221; border_width_right_phone=&#8221;&#8221; border_width_right_last_edited=&#8221;on|desktop&#8221; global_colors_info=&#8221;{}&#8221;][et_pb_image src=&#8221;https://kulturista.se/test/wp-content/uploads/2026/01/anneliomkulturista.jpg&#8221; alt=&#8221;Anneli&#8221; title_text=&#8221;Anneli&#8221; _builder_version=&#8221;4.27.5&#8243; _module_preset=&#8221;default&#8221; global_colors_info=&#8221;{}&#8221;][/et_pb_image][/et_pb_column][et_pb_column type=&#8221;1_2&#8243; _builder_version=&#8221;4.27.5&#8243; _module_preset=&#8221;default&#8221; custom_padding=&#8221;|3vw|3vw||false|false&#8221; border_color_all=&#8221;rgba(51,51,51,0.13)&#8221; border_width_right_tablet=&#8221;0px&#8221; border_width_right_phone=&#8221;&#8221; border_width_right_last_edited=&#8221;on|desktop&#8221; global_colors_info=&#8221;{}&#8221;][et_pb_text _builder_version=&#8221;4.27.5&#8243; _module_preset=&#8221;default&#8221; text_font=&#8221;&#8211;et_global_heading_font||||||||&#8221; text_font_size=&#8221;29px&#8221; text_line_height=&#8221;1em&#8221; global_colors_info=&#8221;{}&#8221;]</p>
<p>Om Kulturista</p>
<p>[/et_pb_text][et_pb_text _builder_version=&#8221;4.27.5&#8243; _module_preset=&#8221;default&#8221; text_text_color=&#8221;#666666&#8243; text_line_height=&#8221;1.3em&#8221; custom_padding=&#8221;20px||||false|false&#8221; global_colors_info=&#8221;{}&#8221;]</p>
<p><strong>Kulturista är en livsstilsblogg med kulturen i fokus.</strong><br />En plats för stadsliv, konst och en nyfiken blick på det som omger oss.</p>
<p>Här samlar jag tips på utställningar, museer, platser och kreativa miljöer i Stockholm – sådant jag själv uppskattar och vill dela vidare. Jag skriver om konst, kultur, upplevelser och nöjen, och om små upptäckter i vardagen.</p>
<p>Jag heter Anneli och arbetar med kulturinnehåll och visuellt berättande, med särskilt fokus på konst, kreativa uttryck och kulturupplevelser.</p>
<p>Tidigare drev jag en av Sveriges tidiga inredningsbloggar och grundade e-handeln Cosas, en av de första webbutikerna för konsthantverk och designobjekt. Kulturista är i dag min kreativa plattform där kultur och berättande möts.</p>
<p>Anneli</p>
<p>[/et_pb_text][/et_pb_column][/et_pb_row][/et_pb_section]</p>

<p>Om KulturistaKulturista är en livsstilsblogg med kulturen i fokus.En plats för stadsliv, konst och en nyfiken blick på det som omger oss. Här samlar jag tips på utställningar, museer, platser och kreativa miljöer i Stockholm – sådant jag själv uppskattar och vill dela vidare. Jag skriver om konst, kultur, upplevelser och nöjen, och om små [&hellip;]</p>
